?
True
Is 3053629 a prime number?
True
Is 208642957 prime?
True
Is 4859389 a composite number?
True
Is 2557045 prime?
False
Is 26463043 a composite number?
True
Is 6436441 a prime number?
False
Is 13062131 composite?
True
Is 441753541 a composite number?
False
Is 2557589 composite?
True
Is 198057017 prime?
False
Is 671603 prime?
True
Is 899051 a prime number?
True
Is 87804109 prime?
False
Is 45253973 a prime number?
True
Is 3558749 a composite number?
False
Is 8613797 a composite number?
False
Is 453223 composite?
True
Is 3768473 a prime number?
True
Is 4318441 a prime number?
True
Is 27241651 prime?
True
Is 36961429 composite?
True
Is 1644637 composite?
False
Is 5491967 prime?
False
Is 381221 a composite number?
False
Is 2540287 composite?
True
Is 155372585 a composite number?
True
Is 5981033 a prime number?
True
Is 23493431 a composite number?
True
Is 7116671 a prime number?
False
Is 5202433 composite?
False
Is 320174077 a prime number?
False
Is 75529957 composite?
False
Is 193246297 a composite number?
True
Is 4584471 composite?
True
Is 181673749 composite?
True
Is 1553927 prime?
True
Is 199182883 a composite number?
False
Is 5683609 composite?
False
Is 16895003 composite?
False
Is 1129991 a prime number?
True
Is 908893 prime?
True
Is 1829627 composite?
True
Is 2084441 composite?
False
Is 1191319 a composite number?
True
Is 1013603 prime?
True
Is 3061537 a prime number?
True
Is 31747 a prime number?
False
Is 9837941 a prime number?
True
Is 68222801 composite?
False
Is 2891221 a prime number?
False
Is 5351303 composite?
True
Is 325349534 prime?
False
Is 363668611 prime?
True
Is 5228813 composite?
False
Is 2733943 a prime number?
False
Is 21706639 a composite number?
False
Is 3070383 prime?
False
Is 578309591 composite?
True
Is 2212579 a composite number?
False
Is 658621 composite?
True
Is 58570163 a composite number?
True
Is 1465351 a prime number?
True
Is 2743651 a composite number?
True
Is 229412483 a composite number?
False
Is 9910751 composite?
False
Is 2767111 composite?
False
Is 45592333 a prime number?
True
Is 25083599 prime?
True
Is 2021893 a prime number?
False
Is 1443212029 prime?
False
Is 513593 composite?
False
Is 1158383 a prime number?
True
Is 76025141 prime?
True
Is 3091618 prime?
False
Is 1331017 a prime number?
False
Is 3637681 a prime number?
True
Is 63429959 a composite number?
True
Is 25743821 prime?
True
Is 11578939 a composite number?
True
Is 38027362 prime?
False
Is 269627 a prime number?
False
Is 434743 a prime number?
True
Is 399401 a prime number?
True
Is 99859 a prime number?
True
Is 422657 composite?
False
Is 33982471 prime?
True
Is 152863567 a prime number?
True
Is 131998309 prime?
True
Is 666769 composite?
False
Is 4541081 composite?
True
Is 256512706 a prime number?
False
Is 24168673 a prime number?
True
Is 12835083 composite?
True
Is 168478 a prime number?
False
Is 161497295 prime?
False
Is 59586101 a composite number?
True
Is 1701217 prime?
False
Is 17796283 prime?
True
Is 4766233 composite?
True
Is 1715023 composite?
True
Is 1050697897 prime?
True
Is 1440779 a prime number?
True
Is 784409 prime?
True
Is 908899 a composite number?
True
Is 112032523 a composite number?
False
Is 183232447 prime?
False
Is 128990957 a prime number?
False
Is 6646153 a prime number?
True
Is 90269 a prime number?
False
Is 205505917 prime?
True
Is 54177091 composite?
False
Is 480780889 composite?
True
Is 73333471 a composite number?
True
Is 12859103 a composite number?
True
Is 1368109843 a prime number?
True
Is 810688763 composite?
False
Is 30850747 composite?
True
Is 10511399 a prime number?
True
Is 48542003 composite?
False
Is 22471831 composite?
False
Is 482700583 a prime number?
False
Is 86709913 composite?
True
Is 4946597 prime?
False
Is 65477411 composite?
False
Is 166550803 composite?
True
Is 8646961 prime?
True
Is 28289483 prime?
True
Is 747293 a composite number?
True
Is 45252719 a prime number?
True
Is 61702295 a prime number?
False
Is 919997 a prime number?
False
Is 12812091 a prime number?
False
Is 14847247 a prime number?
False
Is 42487 prime?
True
Is 54498259 composite?
True
Is 5895011 composite?
False
Is 541126 a prime number?
False
Is 368636167 a prime number?
False
Is 90391313 prime?
True
Is 20077 a composite number?
True
Is 6644483 a prime number?
True
Is 94522069 a composite number?
True
Is 427857101 prime?
False
Is 9579461 a composite number?
True
Is 28692559 composite?
True
Is 1902183 composite?
True
Is 10441283 prime?
True
Is 1535987 a composite number?
False
Is 14395478 prime?
False
Is 3191839 a prime number?
False
Is 56333273 a prime number?
True
Is 2592751781 a composite number?
False
Is 2508511 a prime number?
True
Is 2613103 a prime number?
False
Is 161168219 a composite number?
False
Is 153180509 a prime number?
False
Is 11607127 a prime number?
False
Is 6475609 a composite number?
True
Is 578672621 prime?
True
Is 130122247 prime?
False
Is 64661 prime?
True
Is 114459494 a prime number?
False
Is 1792709 a composite number?
False
Is 1237747435 composite?
True
Is 12991249 composite?
False
Is 68221193 a composite number?
False
Is 325704563 a prime number?
False
Is 2690509 composite?
True
Is 2079401 a composite number?
False
Is 23504451 a composite number?
True
Is 46493213 prime?
False
Is 345901 a composite number?
True
Is 7411969 a prime number?
True
Is 45025841 a prime number?
False
Is 70357751 a composite number?
False
Is 14264373 a composite number?
True
Is 15175049 a composite number?
False
Is 320158193 a prime number?
False
Is 97207129 prime?
True
Is 52004791 composite?
False
Is 391529813 prime?
True
Is 602858803 prime?
True
Is 60242959 a prime number?
False
Is 44722906 prime?
False
Is 5618633 a composite number?
False
Is 1940293 a prime number?
True
Is 949589 a prime number?
True
Is 1115729 prime?
False
Is 271231 composite?
False
Is 2085311 a composite number?
False
Is 3204743 a composite number?
True
Is 173176258 a prime number?
False
Is 126854741 a composite number?
True
Is 11234809 composite?
False
Is 244583 a composite number?
False
Is 209950277 a prime number?
True
Is 3760313 prime?
False
Is 9689327 composite?
False
Is 4739935 composite?
True
Is 73206569 a composite number?
False
Is 1729771 prime?
True
Is 83484481 a composite number?
True
Is 30629411 a composite number?
False
Is 66081143 prime?
False
Is 10689751 composite?
False
Is 3789737 a composite number?
True
Is 438075427 prime?
True
Is 134396461 a composite number?
False
Is 380206883 a composite number?
True
Is 19696219 a composite number?
False
Is 535417279 a composite number?
True
Is 70392437 prime?
True
Is 50783149 composite?
True
Is 16743 a composite number?
True
Is 39194697 prime?
False
Is 29556551 composite?
False
Is 16145387 a prime number?
False
Is 34736521 composite?
False
Is 87440791 a composite number?
True
Is 192473659 composite?
True
Is 12807791 prime?
True
Is 191064583 prime?
False
Is 9371441 prime?
True
Is 13526113 a prime number?
False
Is 9641017 composite?
False
Is 9685703 a composite number?
False
Is 42258871 composite?
False
Is 125437547 a prime number?
True
Is 29555087 composite?
True
Is 108814379 a prime number?
True
Is 115325213 composite?
True
Is 49505609 a composite number?
False
Is 5846447 a composite number?
False
Is 18344951 prime?
True
Is 16135855 prime?
False
Is 3224849 a composite number?
True
Is 10876339 composite?
False
Is 4234757 a composite number?
True
Is 45651343 prime?
False
Is 22788229 prime?
False
Is 2978435 prime?
False
Is 5336591 a composite number?
True
Is 273953467 a composite number?
True
Is 19995023 composite?
False
Is 16238341 prime?
False
Is 952537 prime?
False
Is 1212709 a composite number?
False
Is 3055439 a prime number?
True
Is 79266295 composite?
True
Is 508156547 prime?
True
Is 41891117 prime?
False
Is 9883853 composite?
True
Is 17898839 a prime number?
False
Is 772099 prime?
False
Is 1051247 prime?
True
Is 4047157 a composite number?
False
Is 194974517 prime?
False
Is 247087 prime?
True
Is 20857337 a composite number?
True
Is 59671897 a composite number?
True
Is 28592345 a prime number?
False
Is 2619647 a prime number?
True
Is 126661083 prime?
False
Is 223017173 a composite number?
False
Is 237453289 a composite number?
True
Is 1380455 composite?
True
Is 857453 composite?
False
Is 4169